-3
Convert -2120 (base 3) to base 13.
-54
Convert -100000 (base 2) to base 12.
-28
Convert 2201 (base 3) to base 14.
53
Convert 13 (base 7) to base 14.
a
Convert 260 (base 7) to base 12.
b8
3 (base 10) to base 3
10
-20 (base 8) to base 11
-15
What is -3 (base 10) in base 8?
-3
What is -22 (base 4) in base 11?
-a
114 (base 6) to base 15
31
Convert -2 (base 16) to base 10.
-2
Convert 7 (base 15) to base 4.
13
What is 120 (base 6) in base 16?
30
-2a (base 15) to base 9
-44
23 (base 10) to base 7
32
-6 (base 8) to base 15
-6
12 (base 9) to base 3
102
Convert 103 (base 7) to base 9.
57
Convert 25 (base 6) to base 5.
32
What is -22 (base 12) in base 16?
-1a
What is 1011 (base 2) in base 10?
11
21 (base 8) to base 6
25
Convert 0 (base 6) to base 11.
0
Convert -20 (base 3) to base 7.
-6
81 (base 10) to base 6
213
-2 (base 5) to base 6
-2
Convert -100 (base 2) to base 6.
-4
Convert 0 (base 5) to base 11.
0
What is 45 (base 7) in base 4?
201
What is -14 (base 7) in base 2?
-1011
What is -5 (base 6) in base 5?
-10
Convert 143 (base 5) to base 2.
110000
What is -9 (base 11) in base 12?
-9
11 (base 3) to base 14
4
What is -34 (base 7) in base 16?
-19
-2 (base 6) to base 14
-2
Convert 243 (base 5) to base 15.
4d
What is -1 (base 7) in base 13?
-1
1 (base 6) to base 16
1
-1002 (base 4) to base 10
-66
What is 20 (base 3) in base 12?
6
8 (base 10) to base 5
13
Convert -15 (base 9) to base 11.
-13
What is -63 (base 9) in base 8?
-71
0 (base 15) to base 10
0
What is -90 (base 11) in base 2?
-1100011
Convert -2 (base 3) to base 13.
-2
What is 25 (base 15) in base 9?
38
-562 (base 7) to base 10
-289
Convert -1110 (base 2) to base 6.
-22
Convert 2012 (base 3) to base 6.
135
-134 (base 5) to base 2
-101100
Convert -8 (base 16) to base 7.
-11
-1011 (base 3) to base 14
-23
What is -191 (base 14) in base 10?
-323
-113 (base 5) to base 6
-53
-3 (base 15) to base 3
-10
What is -12 (base 16) in base 6?
-30
Convert 103 (base 8) to base 11.
61
Convert 66 (base 9) to base 4.
330
Convert 200 (base 3) to base 6.
30
Convert -3 (base 13) to base 6.
-3
Convert -74 (base 9) to base 8.
-103
Convert -10 (base 2) to base 7.
-2
What is 2 (base 7) in base 11?
2
Convert 9c (base 13) to base 7.
243
Convert -2 (base 5) to base 3.
-2
Convert 33 (base 6) to base 7.
30
Convert -5 (base 11) to base 10.
-5
0 (base 13) to base 12
0
What is 0 (base 9) in base 3?
0
What is b6 (base 15) in base 2?
10101011
Convert a7 (base 13) to base 12.
b5
What is 1 (base 6) in base 3?
1
Convert -3 (base 12) to base 13.
-3
What is 56 (base 7) in base 14?
2d
-2 (base 10) to base 16
-2
-2 (base 10) to base 7
-2
-2 (base 8) to base 7
-2
Convert 2 (base 16) to base 10.
2
What is -11 (base 2) in base 8?
-3
Convert 0 (base 4) to base 16.
0
What is -5 (base 9) in base 6?
-5
-3a (base 11) to base 6
-111
What is 2021 (base 4) in base 8?
211
5 (base 11) to base 15
5
Convert -3 (base 12) to base 8.
-3
What is 22 (base 4) in base 8?
12
Convert 0 (base 15) to base 13.
0
What is 3 (base 4) in base 16?
3
What is -104 (base 5) in base 13?
-23
Convert -3 (base 8) to base 12.
-3
Convert 8 (base 11) to base 13.
8
Convert -19 (base 13) to base 2.
-10110
What is 0 (base 2) in base 5?
0
5b (base 12) to base 16
47
Convert 1 (base 13) to base 7.
1
-cb (base 13) to base 7
-326
Convert 57 (base 11) to base 12.
52
87 (base 11) to base 6
235
Convert 9 (base 16) to base 5.
14
Convert 5 (base 11) to base 9.
5
What is 1011 (base 2) in base 7?
14
What is -60 (base 10) in base 12?
-50
30 (base 4) to base 15
c
What is 1 (base 9) in base 14?
1
e (base 16) to base 12
12
Convert 13 (base 4) to base 10.
7
140 (base 8) to base 9
116
What is 1111001 (base 2) in base 11?
100
Convert 10 (base 6) to base 4.
12
Convert 8 (base 16) to base 8.
10
Convert -67 (base 11) to base 7.
-133
-16 (base 10) to base 9
-17
What is -19 (base 11) in base 7?
-26
What is 14 (base 7) in base 9?
12
Convert -27 (base 9) to base 6.
-41
What is 1b (base 15) in base 9?
28
-2101 (base 3) to base 6
-144
What is -4 (base 9) in base 11?
-4
Convert -74 (base 8) to base 3.
-2020
16 (base 9) to base 5
30
What is 39 (base 12) in base 6?
113
Convert 2 (base 6) to base 5.
2
-159 (base 12) to base 6
-553
Convert 1 (base 16) to base 6.
1
What is -110010 (base 2) in base 13?
-3b
1 (base 4) to base 3
1
Convert 14 (base 8) to base 2.
1100
14c (base 14) to base 11
220
Convert 3 (base 12) to base 16.
3
31 (base 4) to base 7
16
What is -1 (base 11) in base 12?
-1
-23 (base 6) to base 8
-17
What is 111 (base 3) in base 15?
d
Convert -2 (base 4) to base 6.
-2
What is 1201 (base 4) in base 13?
76
a (base 16) to base 12
a
-2 (base 3) to base 16
-2
Convert 0 (base 9) to base 16.
0
Convert -33 (base 8) to base 7.
-36
Convert -103 (base 5) to base 9.
-31
-b4 (base 15) to base 14
-c1
Convert 1011 (base 2) to base 5.
21
Convert -d (base 15) to base 14.
-d
3 (base 8) to base 10
3
Convert 29 (base 10) to base 9.
32
Convert -12 (base 8) to base 2.
-1010
What is b (base 13) in base 10?
11
What is -35 (base 8) in base 15?
-1e
Convert 0 (base 15) to base 10.
0
Convert 4 (base 14) to base 6.
4
What is -3 (base 14) in base 11?
-3
What is 4 (base 15) in base 2?
100
4 (base 8) to base 11
4
Convert -b (base 15) to base 6.
-15
What is -11100 (base 2) in base 6?
-44
What is 37 (base 9) in base 5?
114
13 (base 7) to base 13
a
-195 (base 10) to base 7
-366
2 (base 9) to base 16
2
What is -110001 (base 2) in base 5?
-144
Convert -6 (base 12) to base 4.
-12
48 (base 12) to base 11
51
Convert 42 (base 10) to base 6.
110
Convert 4 (base 14) to base 3.
11
What is 1 (base 7) in base 14?
1
Convert 3 (base 7) to base 14.
3
-2 (base 15) to base 12
-2
What is -c (base 15) in base 16?
-c
Convert -61 (base 12) to base 11.
-67
162 (base 7) to base 4
1131
Convert 0 (base 10) to base 13.
0
Convert 2 (base 12) to base 4.
2
What is -3 (base 12) in base 15?
-3
What is b1 (base 16) in base 12?
129
What is 0 (base 4) in base 6?
0
What is 8 (base 10) in base 9?
8
What is 0 (base 7) in base 15?
0
Convert c (base 14) to base 9.
13
What is 1010 (base 2) in base 3?
101
What is -3 (base 16) in base 6?
-3
-37 (base 10) to base 16
-25
-c5 (base 15) to base 7
-353
-11 (base 13) to base 11
-13
21 (base 5) to base 6
15
Convert aa (base 16) to base 11.
145
What is 1 (base 6) in base 11?
1
What is 24 (base 14) in base 10?
32
Convert 201 (base 5) to base 10.
51
5 (base 13) to base 2
101
3 (base 16) to base 6
3
Convert -17 (base 10) to base 12.
-15
4 (base 13) to base 14
4
What is 33 (base 14) in base 11?
41
What is 3 (base 12) in base 7?
3
-2 (base 10) to base 12
-2
What is 159 (base 14) in base 6?
1135
Convert 2 (base 6) to base 3.
2
What is 3 (base 15) in base 13?
3
49 (base 10) to base 9
54
Convert -5 (base 10) to base 2.
-101
Convert 30 (base 7) to base 15.
16
-5 (base 12) to base 11
-5
What is -2 (base 16) in base 9?
-2
16 (base 12) to base 14
14
0 (base 6) to base 4
0
Convert -2 (base 5) to base 15.
-2
Convert -18 (base 14) to base 11.
-20
65 (base 10) to base 12
55
-244 (base 5) to base 15
-4e
Convert -e2 (base 15) to base 6.
-552
231 (base 6) to base 4
1123
What is 2d (base 14) in base 8?
51
Convert 3 (base 8) to base 9.
3
Convert -21 (base 5) to base 16.
-b
Convert -10 (base 5) to base 10.
-5
What is -1223 (base 4) in base 2?
-1101011
Convert -5 (base 8) to base 5.
-10
What is 48 (base 12) in base 6?
132
3 (base 8) to base 2
11
Convert -10 (base 12) to base 13.
-c
-3 (base 8) to base 16
-3
Convert 110000 (base 2) to base 15.
33
72 (base 16) to base 13
8a
-21 (base 8) to base 9
-18
Convert 11 (base 4) to base 7.
5
What is -13 (base 12) in base 13?
-12
Convert 1 (base 15) to base 4.
1
What is -26 (base 11) in base 7?
-40
Convert -1001 (base 4) to base 6.
-145
What is 212 (base 4) in base 13?
2c
-5 (base 16) to base 11
-5
Convert 2 (base 7) to base 16.
2
What is 4 (base 7) in base 8?
4
-47 (base 11) to base 3
-1220
What is -9 (base 12) in base 3?
-100
What is -37 (base 10) in base 5?
-122
What is 26 (base 9) in base 15?
19
Convert 20 (base 10) to base 6.
32
What is -43 (base 6) in base 4?
-123
What is 4 (base 12) in base 13?
4
Convert 0 (base 7) to base 11.
0
3 (base 13) to base 2
11
What is 20 (base 6) in base 8?
14
Convert -200 (base 9) to base 5.
-1122
Convert 14 (base 9) to base 2.
1101
Convert -37 (base 8) to base 11.
-29
What is 0 (base